{"id":35374,"date":"2026-09-01T14:23:02","date_gmt":"2026-09-01T12:23:02","guid":{"rendered":"https:\/\/slawa.pl\/?page_id=35374"},"modified":"2026-09-01T14:23:02","modified_gmt":"2026-09-01T12:23:02","slug":"wywoz-nieczystosci","status":"publish","type":"page","link":"https:\/\/slawa.pl\/wywoz-nieczystosci\/","title":{"rendered":"Wyw\u00f3z nieczysto\u015bci"},"content":{"rendered":"<div class=\"fusion-fullwidth fullwidth-box fusion-builder-row-1 fusion-flex-container has-pattern-background has-mask-background nonhundred-percent-fullwidth non-hundred-percent-height-scrolling\" style=\"--awb-border-radius-top-left:0px;--awb-border-radius-top-right:0px;--awb-border-radius-bottom-right:0px;--awb-border-radius-bottom-left:0px;--awb-flex-wrap:wrap;\" ><div class=\"fusion-builder-row fusion-row fusion-flex-align-items-flex-start fusion-flex-content-wrap\" style=\"max-width:1713.6px;margin-left: calc(-2% \/ 2 );margin-right: calc(-2% \/ 2 );\"><div class=\"fusion-layout-column fusion_builder_column fusion-builder-column-0 fusion_builder_column_1_1 1_1 fusion-flex-column\" style=\"--awb-bg-size:cover;--awb-width-large:100%;--awb-margin-top-large:0px;--awb-spacing-right-large:0.98%;--awb-margin-bottom-large:20px;--awb-spacing-left-large:0.98%;--awb-width-medium:100%;--awb-order-medium:0;--awb-spacing-right-medium:0.98%;--awb-spacing-left-medium:0.98%;--awb-width-small:100%;--awb-order-small:0;--awb-spacing-right-small:0.98%;--awb-spacing-left-small:0.98%;\"><div class=\"fusion-column-wrapper fusion-column-has-shadow fusion-flex-justify-content-flex-start fusion-content-layout-column\"><div class=\"fusion-text fusion-text-1\"><p>Zezwolenie na wyw\u00f3z nieczysto\u015bci &#8211; <a href=\"https:\/\/bip.slawa.pl\/procedury\/17\/67\/Zezwolenie_na_wywoz_nieczystosci\/\">podstawowe informacje<\/a><\/p>\n<p>Uchwa\u0142a nr XXIII\/171\/12 Rady Miejskiej w S\u0142awie z dnia 31 maja 2012 r. w sprawie okre\u015blania wymaga\u0144 jakie powinien spe\u0142nia\u0107 przedsi\u0119biorca ubiegaj\u0105cy si\u0119 o uzyskanie zezwolenia na \u015bwiadczenie us\u0142ug w zakresie opr\u00f3\u017cniania zbiornik\u00f3w bezodp\u0142ywowych od w\u0142a\u015bcicieli nieruchomo\u015bci i transportu nieczysto\u015bci ciek\u0142ych z terenu gminy S\u0142awa &#8211; <a href=\"https:\/\/bip.slawa.pl\/system\/obj\/5580_uchwala_171-12.pdf\">link<\/a><\/p>\n<p>Wniosek o zezwolenie na wyw\u00f3z nieczysto\u015bci &#8211; <a href=\"https:\/\/view.officeapps.live.com\/op\/view.aspx?src=https%3A%2F%2Fbip.slawa.pl%2Fsystem%2Fobj%2F2101_WNIOSEK_NC_nowy_1._-_z_oswiadczeniem.doc&amp;wdOrigin=BROWSELINK\">link<\/a><\/p>\n<p>Wykaz przedsi\u0119biorc\u00f3w \u015bwiadcz\u0105cych us\u0142ugi w zakresie opr\u00f3\u017cniania zbiornik\u00f3w bezodp\u0142ywowych (szamb) i transportu nieczysto\u015bci ciek\u0142ych &#8211; <a href=\"https:\/\/slawa.pl\/wp-content\/uploads\/2026\/09\/Lista-firm-asenizacyjnych-na-terenie-Gminy-Slawa2026.pdf\">link<\/a><\/p>\n<p>Aktualna liczba zezwolen na \u015bwiadczenie us\u0142ug w zakresie opr\u00f3\u017cniania zbiornik\u00f3w bezodp\u0142ywowych od w\u0142a\u015bcicieli nieruchomo\u015bci i transportu nieczysto\u015bci ciek\u0142ych z terenu gminy S\u0142awa &#8211; 13<\/p>\n<p>Liczba cofni\u0119tych zezwole\u0144 &#8211; 0<\/p>\n<\/div><\/div><\/div><\/div><\/div>\n","protected":false},"excerpt":{"rendered":"","protected":false},"author":5,"featured_media":0,"parent":0,"menu_order":0,"comment_status":"closed","ping_status":"closed","template":"","meta":{"footnotes":""},"class_list":["post-35374","page","type-page","status-publish","hentry"],"_links":{"self":[{"href":"https:\/\/slawa.pl\/mcn_json_endpoint\/wp\/v2\/pages\/35374","targetHints":{"allow":["GET"]}}],"collection":[{"href":"https:\/\/slawa.pl\/mcn_json_endpoint\/wp\/v2\/pages"}],"about":[{"href":"https:\/\/slawa.pl\/mcn_json_endpoint\/wp\/v2\/types\/page"}],"author":[{"embeddable":true,"href":"https:\/\/slawa.pl\/mcn_json_endpoint\/wp\/v2\/users\/5"}],"replies":[{"embeddable":true,"href":"https:\/\/slawa.pl\/mcn_json_endpoint\/wp\/v2\/comments?post=35374"}],"version-history":[{"count":1,"href":"https:\/\/slawa.pl\/mcn_json_endpoint\/wp\/v2\/pages\/35374\/revisions"}],"predecessor-version":[{"id":35376,"href":"https:\/\/slawa.pl\/mcn_json_endpoint\/wp\/v2\/pages\/35374\/revisions\/35376"}],"wp:attachment":[{"href":"https:\/\/slawa.pl\/mcn_json_endpoint\/wp\/v2\/media?parent=35374"}],"curies":[{"name":"wp","href":"https:\/\/api.w.org\/{rel}","templated":true}]}}

Wywóz nieczystości

<div class="fusion-fullwidth fullwidth-box fusion-builder-row-1 fusion-flex-container has-pattern-background has-mask-background nonhundred-percent-fullwidth non-hundred-percent-height-scrolling" style="--awb-border-radius-top-left:0px;--awb-border-radius-top-right:0px;--awb-border-radius-bottom-right:0px;--awb-border-radius-bottom-left:0px;--awb-flex-wrap:wrap;" ><div class="fusion-builder-row fusion-row fusion-flex-align-items-flex-start fusion-flex-content-wrap" style="max-width:1713.6px;margin-left: calc(-2% / 2 );margin-right: calc(-2% / 2 );"><div class="fusion-layout-column fusion_builder_column fusion-builder-column-0 fusion_builder_column_1_1 1_1 fusion-flex-column" style="--awb-bg-size:cover;--awb-width-large:100%;--awb-margin-top-large:0px;--awb-spacing-right-large:0.98%;--awb-margin-bottom-large:20px;--awb-spacing-left-large:0.98%;--awb-width-medium:100%;--awb-order-medium:0;--awb-spacing-right-medium:0.98%;--awb-spacing-left-medium:0.98%;--awb-width-small:100%;--awb-order-small:0;--awb-spacing-right-small:0.98%;--awb-spacing-left-small:0.98%;"><div class="fusion-column-wrapper fusion-column-has-shadow fusion-flex-justify-content-flex-start fusion-content-layout-column"><div class="fusion-text fusion-text-1"><p>Zezwolenie na wywóz nieczystości &#8211; <a href="https://bip.slawa.pl/procedury/17/67/Zezwolenie_na_wywoz_nieczystosci/">podstawowe informacje</a></p>
<p>Uchwała nr XXIII/171/12 Rady Miejskiej w Sławie z dnia 31 maja 2012 r. w sprawie określania wymagań jakie powinien spełniać przedsiębiorca ubiegający się o uzyskanie zezwolenia na świadczenie usług w zakresie opróżniania zbiorników bezodpływowych od właścicieli nieruchomości i transportu nieczystości ciekłych z terenu gminy Sława &#8211; <a href="https://bip.slawa.pl/system/obj/5580_uchwala_171-12.pdf">link</a></p>
<p>Wniosek o zezwolenie na wywóz nieczystości &#8211; <a href="https://view.officeapps.live.com/op/view.aspx?src=https%3A%2F%2Fbip.slawa.pl%2Fsystem%2Fobj%2F2101_WNIOSEK_NC_nowy_1._-_z_oswiadczeniem.doc&amp;wdOrigin=BROWSELINK">link</a></p>
<p>Wykaz przedsiębiorców świadczących usługi w zakresie opróżniania zbiorników bezodpływowych (szamb) i transportu nieczystości ciekłych &#8211; <a href="https://slawa.pl/wp-content/uploads/2026/09/Lista-firm-asenizacyjnych-na-terenie-Gminy-Slawa2026.pdf">link</a></p>
<p>Aktualna liczba zezwolen na świadczenie usług w zakresie opróżniania zbiorników bezodpływowych od właścicieli nieruchomości i transportu nieczystości ciekłych z terenu gminy Sława &#8211; 13</p>
<p>Liczba cofniętych zezwoleń &#8211; 0</p>
</div></div></div></div></div>
