{"id":35426,"date":"2026-09-02T13:47:25","date_gmt":"2026-09-02T11:47:25","guid":{"rendered":"https:\/\/slawa.pl\/?post_type=mec-events&#038;p=35426"},"modified":"2026-09-02T13:49:44","modified_gmt":"2026-09-02T11:49:44","slug":"gra-terenowa-i-nabor-do-slawskiego-harcerstwa","status":"publish","type":"mec-events","link":"https:\/\/slawa.pl\/events\/gra-terenowa-i-nabor-do-slawskiego-harcerstwa\/","title":{"rendered":"Gra terenowa i nab\u00f3r do s\u0142awskiego harcerstwa"},"content":{"rendered":"<div dir=\"auto\">\n<p>92. S\u0142awski Szczep im. Janusza Korczaka zaprasza dzieci, m\u0142odzie\u017c i rodzic\u00f3w na wsp\u00f3ln\u0105 gr\u0119 terenow\u0105 \u201eDo\u0142\u0105cz do przygody!\u201d.<\/p>\n<\/div>\n<div class=\"x14z9mp xat24cr x1lziwak x1vvkbs xtlvy1s x126k92a\">\n<div dir=\"auto\">\n<p>Wydarzenie odb\u0119dzie si\u0119 6 wrze\u015bnia o godz. 13:00 na terenie S\u0142awskiego Pa\u0142acu.<\/p>\n<\/div>\n<\/div>\n<div class=\"x14z9mp xat24cr x1lziwak x1vvkbs xtlvy1s x126k92a\">\n<div dir=\"auto\">\n<p>Spotkanie b\u0119dzie okazj\u0105 do aktywnego sp\u0119dzenia czasu, poznania \u015brodowiska oraz do\u0142\u0105czenia do grupy harcerskiej.<\/p>\n<\/div>\n<\/div>\n<div class=\"x14z9mp xat24cr x1lziwak x1vvkbs xtlvy1s x126k92a\">\n<div dir=\"auto\">Serdecznie zapraszamy!<\/div>\n<\/div>\n<div dir=\"auto\"><img decoding=\"async\" class=\"alignnone size-medium wp-image-35423\" src=\"https:\/\/slawa.pl\/wp-content\/uploads\/2026\/09\/zuchy-212x300.jpg\" alt=\"PLAKAT NAB\u00d3R NA ZUCHY I HARCERZY\" width=\"212\" height=\"300\" srcset=\"https:\/\/slawa.pl\/wp-content\/uploads\/2026\/09\/zuchy-17x24.jpg 17w, https:\/\/slawa.pl\/wp-content\/uploads\/2026\/09\/zuchy-25x36.jpg 25w, https:\/\/slawa.pl\/wp-content\/uploads\/2026\/09\/zuchy-34x48.jpg 34w, https:\/\/slawa.pl\/wp-content\/uploads\/2026\/09\/zuchy-200x283.jpg 200w, https:\/\/slawa.pl\/wp-content\/uploads\/2026\/09\/zuchy-212x300.jpg 212w, https:\/\/slawa.pl\/wp-content\/uploads\/2026\/09\/zuchy-400x566.jpg 400w, https:\/\/slawa.pl\/wp-content\/uploads\/2026\/09\/zuchy-600x849.jpg 600w, https:\/\/slawa.pl\/wp-content\/uploads\/2026\/09\/zuchy-724x1024.jpg 724w, https:\/\/slawa.pl\/wp-content\/uploads\/2026\/09\/zuchy-768x1087.jpg 768w, https:\/\/slawa.pl\/wp-content\/uploads\/2026\/09\/zuchy-800x1132.jpg 800w, https:\/\/slawa.pl\/wp-content\/uploads\/2026\/09\/zuchy.jpg 848w\" sizes=\"(max-width: 212px) 100vw, 212px\" \/><\/div>\n","protected":false},"excerpt":{"rendered":"<p>92. S\u0142awski Szczep im. Janusza Korczaka zaprasza dzieci, m\u0142odzie\u017c i rodzic\u00f3w na wsp\u00f3ln\u0105 gr\u0119 terenow\u0105 \u201eDo\u0142\u0105cz do przygody!\u201d. Wydarzenie odb\u0119dzie si\u0119 6 wrze\u015bnia o godz. 13:00 na terenie S\u0142awskiego Pa\u0142acu. Spotkanie b\u0119dzie okazj\u0105 do aktywnego  [&#8230;]<\/p>\n","protected":false},"author":16,"featured_media":35424,"comment_status":"closed","ping_status":"closed","template":"","tags":[],"mec_category":[172],"class_list":["post-35426","mec-events","type-mec-events","status-publish","has-post-thumbnail","hentry","mec_category-imprezy-plenerowe"],"_links":{"self":[{"href":"https:\/\/slawa.pl\/mcn_json_endpoint\/wp\/v2\/mec-events\/35426","targetHints":{"allow":["GET"]}}],"collection":[{"href":"https:\/\/slawa.pl\/mcn_json_endpoint\/wp\/v2\/mec-events"}],"about":[{"href":"https:\/\/slawa.pl\/mcn_json_endpoint\/wp\/v2\/types\/mec-events"}],"author":[{"embeddable":true,"href":"https:\/\/slawa.pl\/mcn_json_endpoint\/wp\/v2\/users\/16"}],"replies":[{"embeddable":true,"href":"https:\/\/slawa.pl\/mcn_json_endpoint\/wp\/v2\/comments?post=35426"}],"wp:featuredmedia":[{"embeddable":true,"href":"https:\/\/slawa.pl\/mcn_json_endpoint\/wp\/v2\/media\/35424"}],"wp:attachment":[{"href":"https:\/\/slawa.pl\/mcn_json_endpoint\/wp\/v2\/media?parent=35426"}],"wp:term":[{"taxonomy":"post_tag","embeddable":true,"href":"https:\/\/slawa.pl\/mcn_json_endpoint\/wp\/v2\/tags?post=35426"},{"taxonomy":"mec_category","embeddable":true,"href":"https:\/\/slawa.pl\/mcn_json_endpoint\/wp\/v2\/mec_category?post=35426"}],"curies":[{"name":"wp","href":"https:\/\/api.w.org\/{rel}","templated":true}]}}

Gra terenowa i nabór do sławskiego harcerstwa

<div dir="auto">
<p>92. Sławski Szczep im. Janusza Korczaka zaprasza dzieci, młodzież i rodziców na wspólną grę terenową „Dołącz do przygody!”.</p>
</div>
<div class="x14z9mp xat24cr x1lziwak x1vvkbs xtlvy1s x126k92a">
<div dir="auto">
<p>Wydarzenie odbędzie się 6 września o godz. 13:00 na terenie Sławskiego Pałacu.</p>
</div>
</div>
<div class="x14z9mp xat24cr x1lziwak x1vvkbs xtlvy1s x126k92a">
<div dir="auto">
<p>Spotkanie będzie okazją do aktywnego spędzenia czasu, poznania środowiska oraz dołączenia do grupy harcerskiej.</p>
</div>
</div>
<div class="x14z9mp xat24cr x1lziwak x1vvkbs xtlvy1s x126k92a">
<div dir="auto">Serdecznie zapraszamy!</div>
</div>
<div dir="auto"><img decoding="async" class="alignnone size-medium wp-image-35423" src="https://slawa.pl/wp-content/uploads/2026/09/zuchy-212x300.jpg" alt="PLAKAT NABÓR NA ZUCHY I HARCERZY" width="212" height="300" srcset="https://slawa.pl/wp-content/uploads/2026/09/zuchy-17x24.jpg 17w, https://slawa.pl/wp-content/uploads/2026/09/zuchy-25x36.jpg 25w, https://slawa.pl/wp-content/uploads/2026/09/zuchy-34x48.jpg 34w, https://slawa.pl/wp-content/uploads/2026/09/zuchy-200x283.jpg 200w, https://slawa.pl/wp-content/uploads/2026/09/zuchy-212x300.jpg 212w, https://slawa.pl/wp-content/uploads/2026/09/zuchy-400x566.jpg 400w, https://slawa.pl/wp-content/uploads/2026/09/zuchy-600x849.jpg 600w, https://slawa.pl/wp-content/uploads/2026/09/zuchy-724x1024.jpg 724w, https://slawa.pl/wp-content/uploads/2026/09/zuchy-768x1087.jpg 768w, https://slawa.pl/wp-content/uploads/2026/09/zuchy-800x1132.jpg 800w, https://slawa.pl/wp-content/uploads/2026/09/zuchy.jpg 848w" sizes="(max-width: 212px) 100vw, 212px" /></div>

<p>92. Sławski Szczep im. Janusza Korczaka zaprasza dzieci, młodzież i rodziców na wspólną grę terenową „Dołącz do przygody!”. Wydarzenie odbędzie się 6 września o godz. 13:00 na terenie Sławskiego Pałacu. Spotkanie będzie okazją do aktywnego  [&#8230;]</p>
