{"id":34421,"date":"2026-08-25T12:43:30","date_gmt":"2026-08-25T10:43:30","guid":{"rendered":"https:\/\/slawa.pl\/?post_type=mec-events&#038;p=34421"},"modified":"2026-08-25T12:44:47","modified_gmt":"2026-08-25T10:44:47","slug":"lubuski-senior-w-akcji","status":"publish","type":"mec-events","link":"https:\/\/slawa.pl\/events\/lubuski-senior-w-akcji\/","title":{"rendered":"Lubuski Senior w Akcji"},"content":{"rendered":"<p data-wahfont=\"16\">10 wrze\u015bnia w\u00a0Pa\u0142acu w\u00a0S\u0142awie odb\u0119dzie si\u0119 zdrowotne wydarzenie przygotowane dla senior\u00f3w 60+.<\/p>\n<p data-wahfont=\"16\">Podczas spotkania odb\u0119d\u0105 si\u0119 prelekcja z\u00a0Andrzejem S\u0142owek \u2013 lekarzem onkologiem, a\u00a0tak\u017ce z\u00a0Katarzyn\u0105 Piechock\u0105 \u2013 dietetyczk\u0105 i\u00a0trenerk\u0105 personaln\u0105. Na\u00a0zako\u0144czenie dnia spotkanie z\u00a0legend\u0105 triathlonu \u2013 Jerzym G\u00f3rskim.<\/p>\n<p data-wahfont=\"16\">Inicjatywa zosta\u0142a dofinansowana przez\u00a0Gmin\u0119 S\u0142awa.<\/p>\n<p data-wahfont=\"16\">Wi\u0119cej informacji o\u00a0wydarzeniu znajduje si\u0119\u00a0<a href=\"https:\/\/www.facebook.com\/photo?fbid=122180957510801219&amp;set=a.122142789638801219\" data-wahfont=\"16\">tutaj<\/a>.<\/p>\n<p data-wahfont=\"16\">\u0179r\u00f3d\u0142o, grafika: Stowarzyszenie Razem dla Wszystkich S\u0142awa.<\/p>\n<p><img decoding=\"async\" class=\"alignnone size-medium wp-image-34417\" src=\"https:\/\/slawa.pl\/wp-content\/uploads\/2026\/08\/778985278_122180957516801219_1132911041442153571_n-212x300.jpg\" alt=\"Plakat wydarzenia\" width=\"212\" height=\"300\" srcset=\"https:\/\/slawa.pl\/wp-content\/uploads\/2026\/08\/778985278_122180957516801219_1132911041442153571_n-17x24.jpg 17w, https:\/\/slawa.pl\/wp-content\/uploads\/2026\/08\/778985278_122180957516801219_1132911041442153571_n-25x36.jpg 25w, https:\/\/slawa.pl\/wp-content\/uploads\/2026\/08\/778985278_122180957516801219_1132911041442153571_n-34x48.jpg 34w, https:\/\/slawa.pl\/wp-content\/uploads\/2026\/08\/778985278_122180957516801219_1132911041442153571_n-200x283.jpg 200w, https:\/\/slawa.pl\/wp-content\/uploads\/2026\/08\/778985278_122180957516801219_1132911041442153571_n-212x300.jpg 212w, https:\/\/slawa.pl\/wp-content\/uploads\/2026\/08\/778985278_122180957516801219_1132911041442153571_n-400x566.jpg 400w, https:\/\/slawa.pl\/wp-content\/uploads\/2026\/08\/778985278_122180957516801219_1132911041442153571_n-600x849.jpg 600w, https:\/\/slawa.pl\/wp-content\/uploads\/2026\/08\/778985278_122180957516801219_1132911041442153571_n-724x1024.jpg 724w, https:\/\/slawa.pl\/wp-content\/uploads\/2026\/08\/778985278_122180957516801219_1132911041442153571_n-768x1087.jpg 768w, https:\/\/slawa.pl\/wp-content\/uploads\/2026\/08\/778985278_122180957516801219_1132911041442153571_n-800x1132.jpg 800w, https:\/\/slawa.pl\/wp-content\/uploads\/2026\/08\/778985278_122180957516801219_1132911041442153571_n.jpg 848w\" sizes=\"(max-width: 212px) 100vw, 212px\" \/><\/p>\n","protected":false},"excerpt":{"rendered":"<p>10 wrze\u015bnia w\u00a0Pa\u0142acu w\u00a0S\u0142awie odb\u0119dzie si\u0119 zdrowotne wydarzenie przygotowane dla senior\u00f3w 60+. Podczas spotkania odb\u0119d\u0105 si\u0119 prelekcja z\u00a0Andrzejem S\u0142owek \u2013 lekarzem onkologiem, a\u00a0tak\u017ce z\u00a0Katarzyn\u0105 Piechock\u0105 \u2013 dietetyczk\u0105 i\u00a0trenerk\u0105 personaln\u0105. Na\u00a0zako\u0144czenie dnia spotkanie z\u00a0legend\u0105 triathlonu \u2013  [&#8230;]<\/p>\n","protected":false},"author":4,"featured_media":34420,"comment_status":"closed","ping_status":"closed","template":"","tags":[],"mec_category":[224,229],"class_list":["post-34421","mec-events","type-mec-events","status-publish","has-post-thumbnail","hentry","mec_category-kultura","mec_category-spotkania"],"_links":{"self":[{"href":"https:\/\/slawa.pl\/mcn_json_endpoint\/wp\/v2\/mec-events\/34421","targetHints":{"allow":["GET"]}}],"collection":[{"href":"https:\/\/slawa.pl\/mcn_json_endpoint\/wp\/v2\/mec-events"}],"about":[{"href":"https:\/\/slawa.pl\/mcn_json_endpoint\/wp\/v2\/types\/mec-events"}],"author":[{"embeddable":true,"href":"https:\/\/slawa.pl\/mcn_json_endpoint\/wp\/v2\/users\/4"}],"replies":[{"embeddable":true,"href":"https:\/\/slawa.pl\/mcn_json_endpoint\/wp\/v2\/comments?post=34421"}],"wp:featuredmedia":[{"embeddable":true,"href":"https:\/\/slawa.pl\/mcn_json_endpoint\/wp\/v2\/media\/34420"}],"wp:attachment":[{"href":"https:\/\/slawa.pl\/mcn_json_endpoint\/wp\/v2\/media?parent=34421"}],"wp:term":[{"taxonomy":"post_tag","embeddable":true,"href":"https:\/\/slawa.pl\/mcn_json_endpoint\/wp\/v2\/tags?post=34421"},{"taxonomy":"mec_category","embeddable":true,"href":"https:\/\/slawa.pl\/mcn_json_endpoint\/wp\/v2\/mec_category?post=34421"}],"curies":[{"name":"wp","href":"https:\/\/api.w.org\/{rel}","templated":true}]}}

<p data-wahfont="16">10 września w Pałacu w Sławie odbędzie się zdrowotne wydarzenie przygotowane dla seniorów 60+.</p>
<p data-wahfont="16">Podczas spotkania odbędą się prelekcja z Andrzejem Słowek – lekarzem onkologiem, a także z Katarzyną Piechocką – dietetyczką i trenerką personalną. Na zakończenie dnia spotkanie z legendą triathlonu – Jerzym Górskim.</p>
<p data-wahfont="16">Inicjatywa została dofinansowana przez Gminę Sława.</p>
<p data-wahfont="16">Więcej informacji o wydarzeniu znajduje się <a href="https://www.facebook.com/photo?fbid=122180957510801219&amp;set=a.122142789638801219" data-wahfont="16">tutaj</a>.</p>
<p data-wahfont="16">Źródło, grafika: Stowarzyszenie Razem dla Wszystkich Sława.</p>
<p><img decoding="async" class="alignnone size-medium wp-image-34417" src="https://slawa.pl/wp-content/uploads/2026/08/778985278_122180957516801219_1132911041442153571_n-212x300.jpg" alt="Plakat wydarzenia" width="212" height="300" srcset="https://slawa.pl/wp-content/uploads/2026/08/778985278_122180957516801219_1132911041442153571_n-17x24.jpg 17w, https://slawa.pl/wp-content/uploads/2026/08/778985278_122180957516801219_1132911041442153571_n-25x36.jpg 25w, https://slawa.pl/wp-content/uploads/2026/08/778985278_122180957516801219_1132911041442153571_n-34x48.jpg 34w, https://slawa.pl/wp-content/uploads/2026/08/778985278_122180957516801219_1132911041442153571_n-200x283.jpg 200w, https://slawa.pl/wp-content/uploads/2026/08/778985278_122180957516801219_1132911041442153571_n-212x300.jpg 212w, https://slawa.pl/wp-content/uploads/2026/08/778985278_122180957516801219_1132911041442153571_n-400x566.jpg 400w, https://slawa.pl/wp-content/uploads/2026/08/778985278_122180957516801219_1132911041442153571_n-600x849.jpg 600w, https://slawa.pl/wp-content/uploads/2026/08/778985278_122180957516801219_1132911041442153571_n-724x1024.jpg 724w, https://slawa.pl/wp-content/uploads/2026/08/778985278_122180957516801219_1132911041442153571_n-768x1087.jpg 768w, https://slawa.pl/wp-content/uploads/2026/08/778985278_122180957516801219_1132911041442153571_n-800x1132.jpg 800w, https://slawa.pl/wp-content/uploads/2026/08/778985278_122180957516801219_1132911041442153571_n.jpg 848w" sizes="(max-width: 212px) 100vw, 212px" /></p>

<p>10 września w Pałacu w Sławie odbędzie się zdrowotne wydarzenie przygotowane dla seniorów 60+. Podczas spotkania odbędą się prelekcja z Andrzejem Słowek – lekarzem onkologiem, a także z Katarzyną Piechocką – dietetyczką i trenerką personalną. Na zakończenie dnia spotkanie z legendą triathlonu –  [&#8230;]</p>
